
110402402
In base 11, what is 0 - -19886a7?
19886a7
In base 15, what is 3 - 38eb9e?
-38eb9b
In base 16, what is -5fb130c + -4?
-5fb1310
In base 12, what is 3a95 + 5269?
9142
In base 10, what is 12098 - -521?
12619
In base 6, what is 411424003 - -153?
411424200
In base 13, what is -327 + -4644b?
-46775
In base 5, what is 10022 - 1323224?
-1313202
In base 10, what is 231 + 107842?
108073
In base 10, what is 275 + 295779?
296054
In base 12, what is 351b054 + -3?
351b051
In base 9, what is -17126611 - -34?
-17126566
In base 7, what is -1166121 + 31?
-1166060
In base 5, what is 23031010 - 31?
23030424
In base 14, what is 5 + 6460b40?
6460b45
In base 16, what is 51421 - -16?
51437
In base 14, what is 147 + -31a8b?
-31944
In base 3, what is -222101120101010 - 1?
-222101120101011
In base 4, what is 223330122231 - 11?
223330122220
In base 10, what is 30749673 + 1?
30749674
In base 7, what is 15351 - -305041?
323422
In base 13, what is -31 - 7292?
-72c3
In base 12, what is -ab2 - 6245?
-7137
In base 15, what is -8 - 12208e?
-122097
In base 13, what is 4cc75 - -29b?
50243
In base 4, what is 10 + -2102202310?
-2102202300
In base 8, what is -270 - 2454562?
-2455052
In base 7, what is 164420624 + -145?
164420446
In base 13, what is 120b10 + -21?
120abc
In base 10, what is -29468 + -3954?
-33422
In base 10, what is -254 + 1004421?
1004167
In base 5, what is -1012013321 + -1?
-1012013322
In base 14, what is -66c691 + -9?
-66c69a
In base 5, what is 0 - 4312021242?
-4312021242
In base 11, what is 2a887807 + 1?
2a887808
In base 14, what is -3d2 + 81?
-351
In base 7, what is 255445 + 153?
255631
In base 5, what is 103410123 - -21?
103410144
In base 12, what is 3 + -6b189?
-6b186
In base 5, what is 3043403301 + -31?
3043403220
In base 3, what is 1102210 + -2010122122?
-2002012212
In base 4, what is -1302 + -31013023130?
-31013031032
In base 15, what is 216 - dc63e?
-dc428
In base 7, what is -1661 + 226052?
224061
In base 7, what is -122366 - -641?
-121425
In base 4, what is 303 - -10220323210?
10220330113
In base 14, what is -1549cd + 2a7?
-154726
In base 8, what is -17415 - 205?
-17622
In base 12, what is 429510 - -7?
429517
In base 2, what is 10001101 + -110100010011101?
-110100000010000
In base 13, what is 160099 - -5?
1600a1
In base 11, what is -101879 + 11?
-101868
In base 14, what is 3525 + -35c?
31a7
In base 3, what is 110222021121000101 - 11?
110222021121000020
In base 15, what is 5 + 37592bd?
37592c3
In base 12, what is 7027b + 25?
702a4
In base 11, what is -517 + -621aa?
-62716
In base 14, what is 5 + -3236a2?
-32369b
In base 10, what is 466 + -48013?
-47547
In base 8, what is 72270 - -14?
72304
In base 7, what is 10 - -1665266553?
1665266563
In base 11, what is -15a64124a + 7?
-15a641243
In base 13, what is -13895 + 626?
-1326c
In base 6, what is 30225414 - -13?
30225431
In base 3, what is 0 + -1022210212002120?
-1022210212002120
In base 11, what is 141a85 + a78?
142a52
In base 4, what is -1122212230013 + 20?
-1122212223333
In base 10, what is -4 + 2659019?
2659015
In base 13, what is -a83929 - 1?
-a8392a
In base 6, what is 2142502 - -44?
2142550
In base 2, what is -10101010 - -1001000111010111?
1001000100101101
In base 10, what is 1 + 31352457?
31352458
In base 14, what is 4aa + -23040?
-22974
In base 6, what is -10200304022 + 10?
-10200304012
In base 15, what is -3 + -853ee9?
-853eec
In base 14, what is -1 + 88a5ab?
88a5aa
In base 13, what is -4 + 214873?
21486c
In base 15, what is cc8e17 + 1?
cc8e18
In base 10, what is 13317 - 789?
12528
In base 6, what is 423 + -323210?
-322343
In base 9, what is 214 - -258625?
258840
In base 7, what is -4202635 + 0?
-4202635
In base 7, what is 1254224231 - -12?
1254224243
In base 7, what is 164406 - -202?
164611
In base 7, what is 6 - -121564021?
121564030
In base 2, what is -100010101101011111 - 1110110?
-100010101111010101
In base 4, what is 123233 - 202?
123031
In base 6, what is -241505412 + -30?
-241505442
In base 4, what is 1012021222 + 1023?
1012022311
In base 9, what is 35703 - 838?
34754
In base 8, what is -142 - 12732?
-13074
In base 2, what is -10011101000 + -10000101110110001?
-10001000010011001
In base 6, what is -33 + -2050535200?
-2050535233
In base 8, what is 147750 + 137?
150107
In base 4, what is 333032131 - 111?
333032020
In base 16, what is 1a1 + -3746?
-35a5
In base 16, what is -1541ad - -1e?
-15418f
In base 10, what is 55 - -8202191?
8202246
In base 12, what is -10 + 72b5a9?
72b599
In base 14, what is 2a - c2b43?
-c2b17
In base 16, what is b700 + -3f1?
b30f
In base 2, what is 100011011110110 - -101011?
100011100100001
In base 8, what is 15 + -67017446?
-67017431
In base 5, what is 30414000213 + -4?
30414000204
In base 8, what is -5 + -1404043463?
-1404043470
In base 3, what is -2200020101101100 + -10?
-2200020101101110
In base 3, what is 1020 + 11001202102?
11001210122
In base 12, what is -24b179 + 2?
-24b177
In base 14, what is 4b + -cb3c15?
-cb3ba8
In base 5, what is -24024232243 + -3?
-24024232301
In base 13, what is -74632 - 16?
-74648
In base 9, what is -5 + 20606152?
20606146
In base 6, what is -154350435 - 0?
-154350435
In base 16, what is 1567580 - b?
1567575
In base 6, what is 32511031 + -5?
32511022
In base 5, what is -1421244332 + 1221?
-1421243111
In base 4, what is -1113020110302103 - -3?
-1113020110302100
In base 11, what is -5a306 - 2158?
-61463
In base 8, what is 5320 - -107?
5427
In base 4, what is -3 + -332230033332?
-332230100001
In base 13, what is -40358c - 27?
-4035b6
In base 7, what is -163 - 64453216?
-64453412
In base 12, what is -4 + -2079121?
-2079125
In base 13, what is 7cb71776 - 2?
7cb71774
In base 5, what is 31 - -2013122?
2013203
In base 9, what is 1086 + -124415?
-123318
In base 9, what is 5210564 - -10?
5210574
In base 2, what is -111000 - 10010000110110000100?
-10010000110110111100
In base 4, what is -2 - 301133031202?
-301133031210
In base 14, what is -db03 - 9588?
-1928b
In base 10, what is -33 - 6435631?
-6435664
In base 15, what is -46293 - 7c?
-46320
In base 9, what is 2722284 - 1?
2722283
In base 14, what is 1 + 21d1927?
21d1928
In base 13, what is 1a2b1 - 0?
1a2b1
In base 4, what is 30322131013313 + 1?
30322131013320
In base 7, what is -361012 + 1301?
-356411
In base 10, what is -4 + -2882270?
-2882274
In base 9, what is 17 + -856426?
-856408
In base 12, what is -23a86b - 7?
-23a876
In base 9, what is 1427470 + 106?
1427576
In base 4, what is -1203302131 + 10301?
-1203231230
In base 15, what is -47ea1 + -3a?
-47edb
In base 7, what is -51600 + -4056?
-55656
In base 2, what is 101001010101011010001011111 - 0?
101001010101011010001011111
In base 16, what is f - -44bded?
44bdfc
In base 2, what is 11101101000 - 101101000001?
-1111011001
In base 7, what is 544 - 130526?
-126652
In base 5, what is -1324 - 2200302?
-2202131
In base 14, what is 18 + -9b5454?
-9b543a
In base 10, what is 2623 - -112?
2735
In base 7, what is 16633621 + -21?
16633600
In base 6, what is 100 + -20441?
-20341
In base 2, what is -11011111100001010111 + -110011000?
-11011111100111101111
In base 14, what is -7 - 60872?
-60879
In base 7, what is -144034335 - -45?
-144034260
In base 9, what is -2205275 - -4?
-2205271
In base 2, what is 1010000011 - 10101101000010111?
-10101011110010100
In base 6, what is 153211252 - -13?
153211305
In base 9, what is -2122322 - 8?
-2122331
In base 12, what is 5 + 5165a28?
5165a31
In base 4, what is -120112301113203 - -10?
-120112301113133
In base 3, what is 120 - -211002222021?
211002222211
In base 13, what is -4a77296 + 3?
-4a77293
In base 2, what is 11101000101001000010001 - 1?
11101000101001000010000
In base 7, what is 3460 + -2243?
1214
In base 13, what is 56 - -33b33c?
33b395
In base 9, what is -28307 - -277?
-28020
In base 4, what is -103222331200 - -110?
-103222331030
In base 14, what is 145 - -307d?
31c4
In base 9, what is 375021618 - -3?
375021622
In base 12, what is b16b2 + 1605?
b30b7
In base 5, what is -34400 + -430304?
-1020204
In base 15, what is 1d0005 - -e5?
1d00ea
In base 2, what is 11011000000011 - 1101000?
11010110011011
In base 6, what is 201215032 - 103?
201214525
In base 5, what is 3024 - 433424?
-430400
In base 14, what is 12da25 - 52?
12d9b3
In base 8, what is 11 + -421077766?
-421077755
In base 9, what is 106388610 + 0?
106388